41302214 + 1104?
41303323
In base 4, what is -11 + 30213230030?
30213230013
In base 3, what is -212112 + 211211?
-201
In base 14, what is 64 - -3a487?
3a50b
In base 10, what is 1288 + 242361?
243649
In base 14, what is -b9b4752 - 5?
-b9b4757
In base 8, what is 111223671 - -4?
111223675
In base 16, what is 302 + 39dfe?
3a100
In base 13, what is -85 - -45a90?
45a08
In base 16, what is -bb3c0 - 20?
-bb3e0
In base 14, what is -2 + 2c60285?
2c60283
In base 10, what is -34237 - 1845?
-36082
In base 13, what is -1063a + a22?
-c918
In base 3, what is -101202111021 + 21211?
-101202012110
In base 4, what is -2 + 10332230023030?
10332230023022
In base 14, what is -185 + -96973?
-96b18
In base 15, what is bb52 + 71?
bbc3
In base 9, what is 13133850 - -28?
13133878
In base 15, what is 1e1d - -1d4e?
3c6c
In base 14, what is -d8 - 43667?
-43761
In base 5, what is -234103030 - 1140?
-234104220
In base 4, what is 131 - 20221200213?
-20221200022
In base 2, what is 1001111011111111101001101 - 11?
1001111011111111101001010
In base 16, what is -3fe20 + 3f?
-3fde1
In base 4, what is 1223020133322231 - 3?
1223020133322222
In base 10, what is -66259 + 6?
-66253
In base 7, what is -2124 - 4160322?
-4162446
In base 14, what is -5 + -24b2d2?
-24b2d7
In base 16, what is -15 - 7839ad?
-7839c2
In base 11, what is 38335 + 6a?
383a4
In base 13, what is -7 - -1357c58?
1357c51
In base 14, what is -1b8 + 27d3?
2619
In base 15, what is d4 - -ebe?
10a3
In base 7, what is 12142053 + -332?
12141421
In base 9, what is -5 + -47722431?
-47722436
In base 14, what is 645537 + -5?
645532
In base 4, what is -3 - -102113020031?
102113020022
In base 9, what is 1717 + 10576?
12404
In base 16, what is 2 - -1970e6?
1970e8
In base 13, what is 8115b + -29?
81132
In base 13, what is 56 - 8b8a0?
-8b847
In base 7, what is -30423302 - 5?
-30423310
In base 15, what is -14d75 - 21?
-14d96
In base 2, what is -100 + -1001011110100000010010?
-1001011110100000010110
In base 16, what is -28d7a8 - -3e?
-28d76a
In base 9, what is 431444110 + 4?
431444114
In base 7, what is -66 + 666222?
666123
In base 15, what is 1527 + -8b8c?
-7665
In base 10, what is 22682533 - 18?
22682515
In base 13, what is 1c6337a - -9?
1c63386
In base 9, what is 4 + -1161810?
-1161805
In base 14, what is 1b + 779b6?
779d3
In base 5, what is -111033401413 - -13?
-111033401400
In base 6, what is 103 - 215314043?
-215313540
In base 2, what is -11110110000110 - 1111101?
-11111000000011
In base 4, what is -332302 - -1123203?
130301
In base 6, what is 1154 + 30535353?
30540551
In base 13, what is b759 - -b2?
b83b
In base 9, what is 143356 - 375?
142871
In base 9, what is -5 - 100832577?
-100832583
In base 8, what is 150114 - -2027?
152143
In base 4, what is -10 + -300233221?
-300233231
In base 13, what is -1 + -7933902?
-7933903
In base 8, what is -213473170 - 1?
-213473171
In base 7, what is -11114305 + 1?
-11114304
In base 11, what is 19 - 1a0a80?
-1a0a62
In base 8, what is -115034660 - -10?
-115034650
In base 7, what is 3 + 522435542?
522435545
In base 9, what is -20 - 3887213?
-3887233
In base 9, what is 700 + 2726?
3526
In base 2, what is -1011111010 - 1010111011110100?
-1011000111101110
In base 8, what is 11 + -772271573?
-772271562
In base 8, what is -41503 + 175?
-41306
In base 8, what is -421142653 + 6?
-421142645
In base 14, what is 69d + 1da7?
2666
In base 6, what is -155424 + 1021?
-154403
In base 15, what is 34 + -50206e?
-50203a
In base 5, what is 2 - 204401224?
-204401222
In base 6, what is -30014205431 + 0?
-30014205431
In base 11, what is 24aa8603 - -2?
24aa8605
In base 6, what is 11255135253 - -3?
11255135300
In base 5, what is -412 + -102421?
-103333
In base 5, what is 20 + -2214442434?
-2214442414
In base 10, what is -116 + 2160471?
2160355
In base 8, what is -36 + 22253426?
22253370
In base 3, what is -21121002210 + -1001?
-21121010211
In base 11, what is -10699390 + 2?
-10699389
In base 3, what is -122221100 - 102121012?
-1002112112
In base 16, what is -4 - b854a38?
-b854a3c
In base 16, what is 3 - 1560b39?
-1560b36
In base 2, what is 10110101111001110 - -1010111?
10110110000100101
In base 5, what is -302441 + 1442?
-300444
In base 16, what is 4 + 304070?
304074
In base 9, what is 6 - -1742267?
1742274
In base 15, what is -3cb + 2528?
214c
In base 11, what is -4 - 2152426?
-215242a
In base 14, what is 7 - 59183?
-5917a
In base 8, what is -14332363 + 2?
-14332361
In base 13, what is 4 + 5cba383a?
5cba3841
In base 13, what is 2 + 138a748?
138a74a
In base 4, what is -1 + -112311301002?
-112311301003
In base 13, what is 179b3 - -3ab?
18091
In base 7, what is -14 + 215610226?
215610212
In base 6, what is 1504 - 1255321?
-1253413
In base 2, what is -10101101 - -101101110011100110011?
101101110011010000110
In base 8, what is -2 + 25140141?
25140137
In base 8, what is 12220763 - -24?
12221007
In base 16, what is -34bbdd - -5?
-34bbd8
In base 4, what is -10 + 3021333223?
3021333213
In base 4, what is -3 + -10112130203?
-10112130212
In base 10, what is 423 - -57617?
58040
In base 10, what is -4635 + -31842?
-36477
In base 12, what is 2250 - -61770?
63a00
In base 5, what is -23111231103 - -10?
-23111231043
In base 9, what is 246 - 61044?
-60687
In base 16, what is -a - 2f2cac?
-2f2cb6
In base 2, what is -11111 + -100010111001100110001110?
-100010111001100110101101
In base 16, what is 5 + -2619254?
-261924f
In base 9, what is 158812252 + -2?
158812250
In base 13, what is -16 - 51bcb0?
-51bcc6
In base 13, what is 5 + 1bb2244?
1bb2249
In base 15, what is 10 + -176226?
-176216
In base 9, what is -34130 - -386?
-33633
In base 2, what is -1001101000001001001001110 + 10?
-1001101000001001001001100
In base 9, what is 164 - 43444?
-43270
In base 3, what is 1210 + -112121001122?
-112120222212
In base 6, what is -102 + 14111452?
14111350
In base 10, what is -3810497 + -8?
-3810505
In base 8, what is 2144052 + 54?
2144126
In base 13, what is -bb632b + 10?
-bb631b
In base 13, what is a0bb + -842?
9579
In base 10, what is 18 - -514813?
514831
In base 5, what is 212204133 - -1102?
212210240
In base 5, what is 241442120 - -33?
241442203
In base 2, what is 100000110111010000110 + -1?
100000110111010000101
In base 16, what is -9c - 47a4e2?
-47a57e
In base 4, what is 2001002 + 230313?
2231321
In base 7, what is 413112053 + 0?
413112053
In base 8, what is 362621 - -51?
362672
In base 11, what is -5 - 33041565?
-3304156a
In base 10, what is -2375 + -10333?
-12708
In base 13, what is b75 + a3b?
18b3
In base 13, what is -391 - a94?
-1155
In base 10, what is 2636 - -777?
3413
In base 14, what is 95a - 785c8?
-77a6c
In base 14, what is 61b + -7302?
-6ac5
In base 8, what is -4065543366 - -4?
-4065543362
In base 14, what is 91b + 12c2?
1bdd
In base 3, what is 2 - -1001220111221?
1001220112000
In base 12, what is 6358 - 6098?
280
In base 13, what is -31484788 + 3?
-31484785
In base 16, what is 5 - 18370e?
-183709
In base 3, what is 1111002102010 - -20020?
1111002122100
In base 2, what is 101 + -11101000110111000101100111?
-11101000110111000101100010
In base 8, what is -7 - 5444226?
-5444235
In base 2, what is -1001011 - 1111000010010110010?
-1111000010011111101
In base 2, what is -1001110110010010010101 - -1?
-1001110110010010010100
In base 10, what is 1184 + 486?
1670
In base 2, what is -10 - -10111001010011011101111?
10111001010011011101101
In base 5, what is -1244104422 + 0?
-1244104422
In base 15, what is -323 - 143d4?
-14707
In base 16, what is -239bc + -b5?
-23a71
In base 8, what is 431347 + 4103?
435452
In base 15, what is 201d7b - 0?
201d7b
In base 11, what is -4951336 + 32?
-4951304
In base 11, what is 2 + -39a12546?
-39a12544
In base 13, what is -104b - 578?
-15c6
In base 13, what is -1 - 5573b337?
-5573b338
In base 15, what is d58041 + 1c?
d5805d
In base 7, what is 101313440 - -5?
101313445
In base 5, what is -313233 - -1401?
-311332
In base 8, what is -2076 + -240063?
-242161
In base 6, what is 20325 - 200544?
-140215
In base 5, what is 33 + 30231233?
30231321
In base 8, what is 6 - 14226441?
-14226433
In base 15, what is -66e56 - 10?
-66e66
In base 16, what is -6b + -23978?
-239e3
In base 10, what is 4 - 29332276?
-29332272
In base 13, what is 1991419 - 32?
19913b7
In base 2, what is 100100101001100 - -1011100010?
100110000101110
In base 2